 -7002 + 7013. Let t(n) = 4*n - 52. Calculate t(m).
-8
Let d(c) be the first derivative of -2*c**3 + 1/2*c**2 - 1/4*c**4 + 47 + 4*c. Determine d(-6).
-2
Let m(n) = 523*n + 0*n**2 + 6 - 3*n**2 - 2 - 530*n. Determine m(5).
-106
Let f(s) be the second derivative of 11*s**3/3 + 3*s**2/2 - 6719*s. Determine f(1).
25
Let x(k) be the third derivative of k**5/60 - 7*k**4/12 + 7*k**3/3 - 110*k**2 + 7. Give x(10).
-26
Let s = 6 + -8. Let f = 18 - 8. Let q(a) = 3*a**3 - f*a**3 + 3*a**2 - a + 6*a**3 - 5*a**2. Give q(s).
2
Let d be (-510)/68*6/5. Let i(y) = -y**2 - 15*y - 59. Let c be i(d). Let l(g) = g**2 + 7*g + 6. Calculate l(c).
-4
Suppose 20*j - 31*j + 3927 = 0. Let m = j + -363. Let p(d) = -2*d - 13. Give p(m).
-1
Suppose -2*m - 2*d = 3 + 11, -m + 3 = -d. Let t(u) be the first derivative of 1/3*u**3 + 3*u + 3/2*u**2 + 25. What is t(m)?
1
Suppose -4*p + 0*p + 5*i - 51 = 0, 4*p + 5*i - 19 = 0. Let m(u) = -3*u - 11. Let r(f) = 3*f + 11. Let x(t) = -5*m(t) - 6*r(t). Determine x(p).
1
Let u(p) = -p**3 + 4*p**2 + 20*p - 76. Let a be u(3). Let o(m) = -m**2 - 8*m - 13. Determine o(a).
-6
Let v(b) = 9*b + 1. Let u = -174 + 194. Let y be (15/u + 10/(-8))*2. What is v(y)?
-8
Let j(n) = n**3 - 24*n**2 + 2*n + 39. Let s(r) = 7*r**3 - 145*r**2 + 11*r + 235. Let u(q) = 13*j(q) - 2*s(q). What is u(-22)?
-51
Let l be 1 + 18/(-27) + 1/(-3). Suppose 0 = -4*k - l*k + 60. Let f(o) = 9 + 2*o + k - 22. What is f(-3)?
-4
Let d = -2320 + 2321. Let g(o) be the first derivative of -o - 1/2*o**2 + 1. Calculate g(d).
-2
Let g be (5/1)/(28 + -29). Let r(c) be the first derivative of -c**2/2 + 3*c - 24. Calculate r(g).
8
Let j = -2372 + 2374. Let i(s) be the first derivative of -1/2*s**j + 0*s + 35. Give i(-6).
6
Let o = 232 - 227. Suppose -y + 0*y + 16 = 4*z, 0 = o*y. Let c(v) be the second derivative of -v**4/12 + v**3/2 - v**2/2 + 2*v. Calculate c(z).
-5
Let h = 15 - 10. Let m(f) = -h*f**2 - 3 - 2 + 4*f**2 - 7*f + 0*f**2. Let w = -279 - -273. Calculate m(w).
1
Let a be (-20)/(-8)*12/10. Let z(n) = 8 - 3*n**2 - a*n**2 + 5*n**2 + 2*n**2 + 4*n. Suppose -d + 2 = -l, -11*d = -16*l - 7*d - 80. Determine z(l).
20
Let f = -17244 + 17243. Let h(l) = -15*l**3 - 3*l**2 - 4*l - 1. Determine h(f).
15
Let t(z) = z**3 - 9*z**2 + 4*z + 9. Suppose -11*i + 207 = 130. Give t(i).
-61
Let i(f) = -f**3 + 16*f**2 + f - 15. Suppose 0 = -18*z + 1279 - 991. Give i(z).
1
Let v(x) = -2*x**2 - 23*x + 797. Let r be v(15). Let y(u) = 15*u**3 - 2*u**2 - 3*u + 4. Determine y(r).
110
Let k(i) = 7*i - 7. Let j be ((-24)/70)/((-6)/15)*7. Let a(d) = -3*d - 3. Let m(t) = 2*t. Let c(b) = j*m(b) + 2*a(b). Let r(y) = 6*c(y) - 5*k(y). Give r(-5).
-6
Let p(z) = 12*z - 1. Let l be 1/42*7 - (-1501)/(-6). Let a = -252 - l. Calculate p(a).
-25
Let t(g) = 8*g**2 + 3*g + 34. Let j(s) = 5*s**2 + 2*s + 24. Let h(u) = -7*j(u) + 5*t(u). What is h(-2)?
20
Let z(r) be the first derivative of 0*r**2 + 49 + 10*r - 1/4*r**4 - 1/3*r**3. Suppose -3*o = -o. What is z(o)?
10
Let r(g) = g**3 - 9*g**2 - 23*g + 16. Let t be r(11). Suppose 0 = 7*v + t + 2. Let z(a) = 4*a**3 + a**2 + a. Let q be z(v). Let c(o) = -o - 9. Give c(q).
-5
Suppose 361 = 2*d + 373. Let t be (3/(-2))/(d/40). Let l(n) = n**2 - 13*n + 8. Give l(t).
-22
Let n(w) = 67 - 3690*w**2 - 171*w - 476 + 3688*w**2. Give n(-83).
6
Suppose n = -2*j - 11, -16 - 11 = 2*n + 5*j. Suppose 4 = c - 3*g, 0 = -4*c + c + 3*g + 6. Let l(h) = 2*h + c - 8*h**2 + 7*h**2 - h. What is l(n)?
-1
Suppose -4*a = 3639 - 1007. Let p be a/84 - 2/12. Let u be 1/(4 + p)*-12. Let w(n) = -n**2 + 2*n + 2. Give w(u).
-1
Let v(i) = -8*i + 1. Let u(a) = 6*a + 32. Let o(n) = -u(n) - v(n). What is o(13)?
-7
Let o(u) be the second derivative of -u**5/20 - u**3/6 - 5*u**2/2 - 254*u. What is o(-3)?
25
Let u(w) = -w**3 - 5*w**2 + 5*w - 8. Let r be (21/9)/(3/(-9)). Let d be -2*1 + 7 - (r + 18). What is u(d)?
-2
Suppose -6*q = -3 - 9. Let t be (2 - (1 - q)) + 224/16. Suppose 11*b - 6 = t*b. Let x(l) = 9*l - 1. Determine x(b).
-10
Let o(b) = -b**2 + b - 1. Suppose -2*l = 3 - 1. Let x(h) = 10 - 89*h**2 + 96*h**2 + 2*h + 0*h. Let d(k) = l*x(k) - 6*o(k). Determine d(-6).
8
Let s(r) = 41*r**2 + 41*r + 7. Let m(k) = -5*k**2 - 5*k - 1. Let w(c) = -50*m(c) - 6*s(c). Determine w(-3).
32
Suppose 14*s - 120 = 9*s. Suppose -s = -9*q + 21. Let a(k) = -k**2 + k - 1. Give a(q).
-21
Let a(n) = n**3 + 7*n**2 + 7*n + 8. Let r be a(-6). Let u(t) = 19*t**2 + 3*t + 73. Let q(d) = -27*d**2 - 5*d - 102. Let b(v) = 5*q(v) + 7*u(v). Give b(r).
-15
Let n(b) = -6*b**3 - b**2 + 1. Suppose -55 = -11*l - 22. Let o be (8 + 150/(-18))/(1/l). Calculate n(o).
6
Let p(u) = -7*u**2 - 12*u + 10. Let j(c) = 19*c**2 + 34*c - 28. Let f(r) = -4*j(r) - 11*p(r). What is f(4)?
2
Suppose -5*a - 2*u + 132 = -u, 3*a - 4*u = 70. Suppose -l = -h + 2, -a*l = 5*h - 22*l - 19. Let z(v) = 4*v + 3 + 4 - 4. Determine z(h).
15
Let o(g) be the third derivative of g**5/60 - 5*g**4/8 + 7*g**3/2 + 4*g**2 - 701*g. Calculate o(15).
21
Let f(d) = -16*d + 288. Let s be f(18). Let q(i) be the second derivative of 0*i**2 - 14*i - 17/6*i**3 + s. What is q(-1)?
17
Let b(t) be the first derivative of -t**3/3 + 7*t**2 + 111*t + 356. What is b(20)?
-9
Let w(t) = 9*t + 1. Let j be (38/(-133))/((-2)/14). Suppose 4*l = 4*k + 4, j*l - 2 = 2*k - 7*k. What is w(l)?
10
Suppose -7*j = -8*j + 1. Suppose -6 = -3*n - 3*x, -2*x = 5*n - 20 + j. Let m(u) = -3*u + 7. Let f(t) = 4*t - 8. Let c(z) = 2*f(z) + 3*m(z). Calculate c(n).
0
Suppose 123*v = 110*v. Let u(p) = -p. Let f(w) = -w**2 + 4*w - 9. Let n(b) = f(b) + 4*u(b). Give n(v).
-9
Suppose 4*q = 2*q. Let f(s) be the third derivative of s**4/24 + s**3/6 - 465*s**2. What is f(q)?
1
Let a(b) be the third derivative of b**5/60 - 7*b**4/24 - 6*b**3 + 21*b**2 - 31*b. Calculate a(12).
24
Let h(w) be the third derivative of 5*w**4/24 - 4*w**3/3 - 4*w**2. Suppose 30 = -7159*f + 7154*f. Calculate h(f).
-38
Let b(c) be the first derivative of 19*c**3/3 - 3*c**2/2 + c - 730. Give b(1).
17
Let k(o) be the third derivative of o**4/6 - o**3/2 + 34*o**2 - o. Let g(f) = -f. Let m(l) = -11*g(l) - 4*k(l). What is m(3)?
-3
Let k(m) be the first derivative of -m**3/3 + m**2 + 10*m + 1126. Calculate k(0).
10
Let l(b) be the second derivative of 1/4*b**4 - 1/2*b**2 - 1/20*b**5 + 0 - 1/2*b**3 - 204*b. What is l(4)?
-29
Let v(g) = 83*g + 3*g**2 + 37 - 64*g + 4 - 53*g. Determine v(10).
1
Let i(v) = 338*v + 4390. Let w be i(-13). Let h(x) = x**3 - 2*x**2 - 18*x - 1. Determine h(w).
-25
Let o(z) = -2*z + 2. Suppose -178*w + 1440 = -187*w. Let j = w - -152. Give o(j).
18
Let m(j) = -14*j - 94. Let l be m(-9). Suppose 24 = -2*v + 4*v - 4*b, 3*v - 5*b = l. Let x(q) = q - 6. Determine x(v).
-2
Let v = 32 + -120. Suppose -773*q - 100 = -772*q. Let a = q - v. Let z(g) = g**3 + 11*g**2 - 13*g - 9. What is z(a)?
3
Let j(p) = 2*p**2 + 5*p - 2. Let f = -1181 - -1176. What is j(f)?
23
Let y(x) = -97*x - 297. Let f be y(-3). Let v(t) = -t**3 - 4*t**2 + 11*t - 6. Determine v(f).
0
Let i(a) = -6*a - 151. Suppose 2*g + 43 = -28*f + 23*f, 3 = 3*f. Calculate i(g).
-7
Let g(v) be the third derivative of -v**4/24 - v**3/2 - 2*v**2. Suppose -140 = 11*n - 206. Calculate g(n).
-9
Let y(l) = 4*l**2 - 4*l - 5. Let h be 12/(-10) + 8/(-10). Give y(h).
19
Let x be 36*((-40)/112)/(-5)*7. Let j(b) = -2*b**2 + 36*b - 3. Determine j(x).
-3
Let p(y) = 11 + 4 + 3*y - 7*y + 4 + 20. Determine p(9).
3
Let k(r) = 12 + 7*r**2 + 2*r - 37*r**2 - 13 + 5*r - 5*r. Let n(c) = 5*c + 21. Let w be n(-4). Determine k(w).
-29
Let p(r) = 2*r - 1 + 7*r + 9*r - 19*r. Let t(j) = -8*j - 14. Let f(u) = -4*p(u) + t(u). Let y be f(-3). Let a(z) = -2*z**3 + 2*z**2 - 2*z + 1. Give a(y).
-11
Let j be (2 + (-10)/6)*3. Suppose 5*h - 64 = -3*u, -h - 3 = 3*u - 23. Let y(p) = h*p + 7391 - 7391. Give y(j).
11
Let p(m) = 82*m + 3577. Let v(q) = -113*q - 5007. Let u(w) = -17*p(w) - 12*v(w). Give u(-19).
-3
Let m(r) be the first derivative of r**2/2 - 6*r - 1760. Let h = -3 - -5. Let n be m(h). Let d(g) = g**2 + 3*g - 1. Determine d(n).
3
Let x(g) = 16*g - 3. Let t = 501 - 485. Suppose 6*o = 14*o - t. What is x(o)?
29
Let q(i) = i**3 + 29*i**2 - 59*i + 73. Let h = -18066 + 18035. What is q(h)?
-20
Let q(y) = 7*y**2 + 7*y + 3. Let n(l) = 35*l**2 + 35*l + 15. Let v(g) = 3*n(g) - 14*q(g). Give v(-3).
45
Let q = -17 - -19. Suppose -4*f = -5*x - 